 t = -109 - -212. Let d = t + -100. What is q(d)?
-7
Let v be (-8)/12*(-36)/6. Let f(q) = q - 3. Determine f(v).
1
Let x(k) = -k**2 - 4*k - 2. Let q be (2/(-6) - 0)/(26/312). What is x(q)?
-2
Let i(h) = h**3 - 3*h**2 + 2*h - 2. Suppose 5*c + 44 = 2*a + a, 5*c + 54 = -2*a. Let l be (-2)/(-5) + (-26)/c. Suppose -l*k = -4*k + 3. Calculate i(k).
4
Let y(t) = t**2 + 2*t + 1. Let x = 20 - 29. Let s be (3 + 30/x)*-21. Suppose 0 = 4*o + s + 5. Give y(o).
4
Let o(y) = y**3 + 4*y**2 + 3. Let c be (-10)/(20/(-4)) - 5. Calculate o(c).
12
Suppose -47*r - 9 = -50*r. Let o(n) = -n**3 + 4*n**2 - 4. Give o(r).
5
Let h(b) = b + 1. Suppose 0*j = 3*j + 33. Let a be -2 - ((j - -12) + (-8 - 0)). What is h(a)?
6
Let j(k) be the first derivative of -k**3/3 - 3*k**2/2 + 2*k - 3. Suppose 0*b = -2*z + 2*b, 5*b = 2*z - 9. Give j(z).
2
Let q(o) = -17*o - 10. Let c(u) = -15*u - 10. Let x(j) = 6*c(j) - 5*q(j). Give x(-9).
35
Suppose -2*i - 4 = 3*r, 3*r - 10 = 5*i + 8*r. Let a(b) = -b**3 - 2*b**2 + 2*b + 3. Determine a(i).
-1
Let r = -46 - -49. Let d be r + -2 + -1*(-3 - 0). Let h(l) = -l**3 + 5*l**2 - 2*l. What is h(d)?
8
Let t(f) be the third derivative of -f**5/60 - 3*f**4/4 + 8*f**2 + 2. Calculate t(-18).
0
Let z be (-1 - -3)*24/16. Let a(m) = -10*m + 6*m - 5 - z*m + 6*m. Suppose -5*f - 11 = 19. What is a(f)?
1
Let o(d) = 15*d + 1 + 0 - 4*d**3 - 28*d - d**2 + 12*d. What is o(1)?
-5
Let x(n) = -n**2 + 15*n + 20. Suppose -3*t = -2*t - 16. Give x(t).
4
Let w(x) = -x**3 - 8*x**2 - x - 10. Let i be (-2)/11 - (-138)/33. Suppose 12 = -n + i. What is w(n)?
-2
Let u(v) = v**3 + 7*v**2 + 6*v + 8. Let d be (-13 - -1)*8/16. What is u(d)?
8
Let l be (-1 - 0)/(((-52)/8)/(-13)). Let a be (-336)/(-42) - 1/(l - -1). Let p(q) = -q**2 + 9*q - 12. What is p(a)?
-12
Let s(k) = -k**3 + 4*k**2 + 2*k - 2. Let q(u) = 101*u + 914. Let c be q(-9). Give s(c).
-17
Suppose -2*w - 13 = -19. Let s(r) = 2*r**w - 6 - r**3 + 7*r**2 - 5*r + 0*r**3 - 2*r**3. Give s(6).
0
Let y(c) = -2*c**3 - 1. Let r(j) = 5*j**3 + j**2 + j + 1. Let a(k) = r(k) + 3*y(k). Determine a(0).
-2
Let f(r) = r**2 - 2*r + 1. Suppose 138 = 6*x + 132. Determine f(x).
0
Let b(p) = p**3 + 3*p + 3*p**3 - 10 - 2*p - 7*p**2 - 3*p**3. Let m(o) = 2*o**2 - 23*o - 5. Let a be m(12). What is b(a)?
-3
Let d(y) = -2*y + 10. Let n be d(0). Let o = 17 - n. Let r(i) = -3 + 11*i - 6*i - o*i. What is r(4)?
-11
Suppose -2*y + 5*j = -17, 7*j + 33 = -2*y + 2*j. Let h(z) = -z**3 - 3*z**2 + 3*z - 2. Give h(y).
2
Suppose 9 = -5*u + 29. Let l(h) = 5*h - 28*h**3 + 13*h**3 + 3*h**2 + 1 + 14*h**3. Calculate l(u).
5
Let t(l) = 3*l - 1. Let p = -685 - -678. Give t(p).
-22
Suppose 4*k - 130 = 2*k - 3*o, -130 = -2*k + o. Let u be 80/(-13) + 1*10/k. Let f(j) = j**3 + 5*j**2 - 4*j. Give f(u).
-12
Let c(o) = 6*o - 2. Suppose -14*y - 125 = 1. Give c(y).
-56
Suppose -4*h + 2*h - 2 = 0, -2*h = -m + 17. Suppose m = 3*r + 2*r. Let j(c) = -1 + 2*c + c + 6*c**r - c. Give j(1).
7
Suppose 3*u + k + 16 = 0, -4*k = u + 9 + 11. Suppose -2 = 8*d - 9*d. Let q(h) = -1 - h - d + 41*h**3 - 4*h**2 - 42*h**3. Calculate q(u).
1
Let v(g) = -3*g**3 + 4*g**3 - 11 - 6*g**2 + 16 + 5*g - 12. Give v(5).
-7
Suppose 6 = -7*j - 8. Let i be 12/1*(-2)/(2 - j). Let s(g) = -g**3 - 7*g**2 - 4*g - 1. Give s(i).
-13
Let t(g) = -g - 7. Suppose 5*f - f = 0. Suppose -4 = -4*n + 8, f = -5*b - 2*n + 6. Suppose b = 3*m - 3*s + 7 + 5, -2*s - 6 = 0. What is t(m)?
0
Suppose -q = -2*m - 28, 88 = 6*q - 3*q - 2*m. Let j(x) = -x**3 + q*x - 11 - 11*x**2 - 22*x + 3*x**2. Calculate j(-9).
-2
Let m(y) = y + 5 + 7 - 1. Let l(s) = 23*s + 11. Let b be l(-3). Let j = b + 58. Calculate m(j).
11
Let u(j) = 2*j**3 - j**2 - j - 1. Let n be (-26)/(-1*3/3). Let s = -27 + n. Determine u(s).
-3
Let s(h) = -h**3 + 5*h**2 + 4*h - 5. Suppose 0 = 11*n - 7 - 26. Suppose 3*v + 3*r - n = 0, -2*v + 2*r + 6 = -12. Calculate s(v).
15
Let j(q) be the third derivative of -21*q**2 + 5/6*q**3 + 0*q - 1/24*q**4 + 0. Calculate j(7).
-2
Suppose -4*t + 2*i = -20, 4*t + i + 0*i - 8 = 0. Let w(d) = 5*d - d + t*d**3 + 4 - 5*d**2 - 2*d**3. Calculate w(4).
4
Let h(v) = 87*v + 1 - 184*v + 52*v**3 - v**2 + 98*v. Calculate h(-1).
-53
Let j(b) = b**2 + 5*b + 7. Suppose -s + 45 = 4*s. Let c = 10 - s. Let g be (c/1)/(4/(-20)). What is j(g)?
7
Let p(u) = u**3 + 6*u**2 + 6*u + 4. Let k(i) = -i - 5. Let g be k(-5). Let f be (0 - 3) + g - -3. Let v = f - 5. What is p(v)?
-1
Let y(f) = 6*f**2 - f**3 - 193 + 93 + 95 - 2*f**2. Give y(5).
-30
Let j = -9 - -11. Suppose -8 = 4*y - 3*q + 23, -j*y - 4*q - 10 = 0. Let u(b) = b - 2. Give u(y).
-9
Let d(b) = b**3 - 10*b**2 - 12*b + 14. Suppose -52*n + 21*n + 341 = 0. Give d(n).
3
Let r(l) = 2*l - 16 - 3*l**2 - 15 - 13 + 43. Suppose -3*u - 2*x = x + 18, -5*x - 10 = -5*u. What is r(u)?
-17
Let u(q) = -q. Let z(y) = -4*y + 17. Let f(p) = 5*u(p) - z(p). Calculate f(-8).
-9
Let a(p) = p**2 - 5*p - 7. Suppose 9*b - 10*b + 2 = 0. Let g be ((-42)/12)/(b/(-4)). Give a(g).
7
Let h be 3 + (-2)/(2 + 0). Let l be (-24)/(-24) - (-3 - 1). Let r(f) = 2*f**2 + 0*f**h + 2*f**2 + 3 + 3*f - l*f**2. Determine r(-2).
-7
Let p(l) = l**2 + 12*l + 8. Let g = 817 - 828. What is p(g)?
-3
Let q(w) = -4*w - 2. Let k be ((-108)/(-54))/(-1 - 0). Calculate q(k).
6
Let x(o) be the third derivative of 0*o - 1/60*o**5 + 28*o**2 + 0 - 7/6*o**3 - 5/12*o**4. Give x(-5).
18
Let p(u) = 710*u + 12 - 1437*u + u**2 + 716*u + 0*u**2. What is p(12)?
24
Let a(j) = -8 - 27163*j**2 - 4 - 8*j + 27162*j**2. Suppose 3*k + 23 = -1. Give a(k).
-12
Let t be -3 + 0 + 4 + 0. Suppose -i + t - 1 = 0. Let s(r) = -r**3 + r**2 - r + 1. Calculate s(i).
1
Suppose 8*t = 9*t - 5. Suppose t*u - 2*j = u - 14, -u + 2*j = -1. Let d(v) = -v**2 - 7*v - 2. Give d(u).
8
Suppose 22 = 3*l - 4*u, -2*u = -0*u + 8. Suppose -4*i + 5*y = -3*i - 8, l*i - 8 = 2*y. Let j(t) = 35*t - 1 + 33*t - 65*t. Calculate j(i).
8
Let w(z) = -9*z**2 - 24*z + 5. Let r(f) = -18*f**2 - 42*f + 9. Let g(u) = 4*r(u) - 7*w(u). Determine g(-1).
-8
Suppose 16*d - 33 = 47. Let u(f) = -2*f**3 + 10*f**2 + 8. Give u(d).
8
Let f(u) = 0*u + 0*u - 3*u + 1. Let n be (-1)/(-4)*0 - 26. Let x be (-8)/5 + n/65. What is f(x)?
7
Let n(k) be the second derivative of 5*k**4/12 + k**3/6 - 313*k. Suppose 4 + 0 = -4*f. What is n(f)?
4
Let a(y) be the first derivative of y**4/12 - 4*y**3/3 - 5*y**2/2 + 5*y + 27. Let s(f) be the first derivative of a(f). Give s(6).
-17
Let x(m) be the first derivative of -3 - 6*m - 1/3*m**3 - 5*m**2. Let r(f) be the first derivative of x(f). Determine r(-8).
6
Let f(l) be the third derivative of -l**5/60 - 11*l**4/24 - 8*l**3/3 + 18*l**2. Calculate f(-10).
-6
Let b(p) = -14*p**2 + 22*p + 14. Let z(m) = 7*m**2 - 13*m - 8. Let w(k) = -3*b(k) - 5*z(k). Calculate w(-1).
6
Let z(k) be the third derivative of k**4/12 + k**3/3 - k**2 - 1. Suppose 13 = 4*n - 31. Let w = n + -15. Give z(w).
-6
Let x(q) be the second derivative of -q**5/60 - q**4/6 + 5*q**3/6 - 3*q**2 - 6*q. Let b(u) be the first derivative of x(u). Calculate b(-6).
-7
Let s(t) = -t**3 + 5*t**2 - 4*t + 2. Let d(c) = -c**3 + c**2. Let p(k) = 7*k**3 + 2*k + 8. Let u(n) = -6*d(n) - p(n). Let z be u(-6). Calculate s(z).
2
Let b be (21/63 - 11/(-12))*4. Let z(n) = -2*n. Determine z(b).
-10
Suppose -4*u + 72 = 2*q, -3*u = 4*q + q - 145. Suppose 4*k - 2*o - q = -o, 4*o + 20 = 4*k. Let b(f) = f - 9. Determine b(k).
-2
Let f(n) = n + 2 + 14 + 4*n - 3. Let c(g) = 2*g + 6. Let k(s) = -7*c(s) + 3*f(s). Let q be 0/(-6 - 1 - -5). Calculate k(q).
-3
Suppose 24*v + 63 = 207. Let y(o) = -o**2 + 5*o - 1. Determine y(v).
-7
Let q(i) = i**3 + 0 - 6*i**2 + 10 - 16. Give q(6).
-6
Let h = -16 - -10. Let o(n) = 5*n**2 + n - 6. Let q(z) = z**2 - z - 1. Let d(u) = o(u) - 4*q(u). Determine d(h).
4
Let s = -1 + 4. Let b(g) = 6*g**2 + 33*g**3 + 35*g**3 - 8 - 67*g**s - 2*g. Let r = -11 - -5. Calculate b(r).
4
Let t(g) = g**2 + 7*g + 6. Let b(x) be the first derivative of -x**2/2 + 8*x + 2. Let w be 4/3 + 96/9. Let n be b(w). Calculate t(n).
-6
Let p(w) = 2*w**3 + 5*w**2 + 6*w + 2. Let z(c) = -36*c + 827. Let i be z(23). Determine p(i).
-1
Let d(y) = -y**2 + 3*y. Let i(t) = t**2 - 4*t. Let h(s) = 6*d(s) + 5*i(s). Let l be 1*-3*5/15. Give h(l).
1
Let m(u) = -6*u**2 + 4*u - 37. Let d(f) = -f**2 + f - 7. Let a(k) = 11*d(k) - 2*m(k). What is a(-4)?
1
Let l(q) = 11*q**2 - 3*q + 56. Let u(y) 